 units digit of r?
9
Suppose -5*q + d + 153 = 0, d - 2*d = 4*q - 126. What is the tens digit of q?
3
Let y = 3 - -2. Let o = y + -3. Suppose -o*n + 4 = 2*n. What is the units digit of n?
1
Suppose -722 - 1862 = -17*v. What is the tens digit of v?
5
Suppose 66 = 2*i - 2*v - 0*v, 4*i + 2*v = 162. Let t = i + -25. What is the tens digit of t?
1
Let m(r) be the first derivative of r**3/3 - 5*r**2 - 8*r - 2. What is the units digit of m(12)?
6
Let u(t) = 14*t**3 - 2*t**2 + 2*t - 1. Let r = -1 - -2. What is the units digit of u(r)?
3
Let p = -12 + 7. What is the tens digit of (-67)/(-2) + p/(-10)?
3
What is the units digit of 2/6*(13 + 263)?
2
Let w(p) = p**3 + 18*p**2 - p + 13. What is the units digit of w(-18)?
1
Let d(n) = n**2 + 4*n + 7. Let g be d(-3). Suppose -3 - 57 = -g*r. What is the units digit of r?
5
Let x(d) = d**3 + 7*d**2 - 8*d + 6. Let o be x(-8). Suppose o*m - 43 = 35. What is the tens digit of m?
1
Let f be (4/12)/(2/6). Let j = f - 1. Suppose -3*m + j*m = -24. What is the units digit of m?
8
Suppose x + x - 2 = 0. Let u be 1 - -1 - (x - 1). Suppose -u*b + 2 + 0 = 0. What is the units digit of b?
1
Suppose g + 45 = 3*s, s - 15 = 3*g + 2*g. Let f = s - 11. What is the units digit of f/(-2) - 8*-1?
6
Let g(d) = -2*d + 4. What is the units digit of g(0)?
4
Suppose 4*i + 3*f = 326, -7*i + 2*i - 4*f = -408. What is the tens digit of i?
8
Suppose -18 = 2*g - 70. What is the tens digit of g?
2
Suppose -3*t = -8*t + 30. What is the units digit of 4/((-2)/t + 1)?
6
Suppose 222 = o + 5*d, -3*d - 2*d - 646 = -3*o. What is the units digit of o?
7
Let r be 0/(2*(-2)/2). Let j(t) = -t**2 - 35. Let u be j(r). Let l = -18 - u. What is the units digit of l?
7
What is the units digit of (0 + -2)/(1/(-3))?
6
Suppose 15 = -k + 4*k, -2*k = -5*y + 25. Let a = y + -4. Let p(s) = -s**3 + 4*s**2 + 1. What is the tens digit of p(a)?
1
Let f = -8 + 36. What is the tens digit of f?
2
Suppose 3*x - 5 - 10 = 0. Suppose -x*q = -6*q + 1. What is the tens digit of 2/((-2)/q) + 13?
1
Let g = -13 + 9. Let x be (-2)/(-4)*g*-2. Suppose 3 = x*r - r. What is the units digit of r?
1
Let r = 49 + 41. What is the tens digit of r?
9
Let m be 5 + 0/(2 - 1). Let t(v) = -v**3 + 6*v**2 - 8*v + 3. Let u be t(m). Let a = 28 + u. What is the tens digit of a?
1
Let t(p) = -4*p - 11. Let n be 0 + -4 + (-3 - -3). What is the units digit of t(n)?
5
Suppose -5*y + 46 = 2*o - 12, -52 = -4*y - 3*o. What is the units digit of y?
0
Let n = -8 + 7. What is the units digit of n - -3 - (0 - 17)?
9
Let n(x) = 10 - x + 1 + 0*x - 3. What is the tens digit of n(-11)?
1
Suppose 5*f = -17 + 77. Suppose -f = y - 5*y, -3*t + 30 = 2*y. Suppose 2*x = 2 + t. What is the units digit of x?
5
Suppose 4*j + g - 100 = 0, -3*g + 39 = j + 3. Let q = 35 - 47. Let p = j + q. What is the tens digit of p?
1
Suppose -4*q = -0*q - 88. Suppose -4*u + 63 = -5*h, -q - 50 = -5*u + 4*h. What is the units digit of u?
2
Let r(v) = -v**2 + 5*v + 7. Let n be r(7). Let d = 11 + n. Suppose 15 = d*h - h. What is the units digit of h?
5
Let r = -103 + 47. Let f = r - -97. What is the units digit of f?
1
Let a(y) = -4*y + 7*y - 4*y - 3. Let k be a(-6). Suppose -k*p - 85 = -5*x, -3*x + 3*p + 16 + 41 = 0. What is the units digit of x?
4
Suppose 3*s = -4*k + 17, 4*k - k + 24 = 3*s. Suppose 0 = -o + 8 - 3. Suppose o = r - s. What is the tens digit of r?
1
Let l be 10/(-4)*(-112)/20. Let p = -7 + l. What is the units digit of p?
7
Suppose 5*g = 6*g - 19. What is the tens digit of g?
1
Let o be (-3)/(-2)*16/6. Let a = o + -1. What is the units digit of a?
3
Let d(g) = -g**3 + 2*g**2 - 3*g + 1. Let m be d(2). Let y be ((-15)/m)/((-3)/(-2)). What is the units digit of (-4)/(-2) - (-22)/y?
3
Let m be -2 - (-7 - -2 - -2). Let z = 1 + m. What is the units digit of z/5 - (-424)/40?
1
What is the tens digit of (-1776)/(-28) - (-3)/(-7)?
6
Let x(u) = -3*u - 6*u - u**2 - 4 + u. What is the tens digit of x(-4)?
1
Let r = 9 - 6. Suppose r*g + 3*z = 57, -4*g + 2*z - 5*z = -71. Let j = -5 + g. What is the units digit of j?
9
Let q = 1 + 4. Suppose 4*g = -j + 21, 15 = q*g + 4*j - 14. What is the units digit of g?
5
Let x(j) = 6 - 1 + 1 + j. What is the units digit of x(-5)?
1
Suppose 2*s + 30 = -4*f, -3*s - s - 4*f = 64. Suppose -51 = 5*o + 79. Let u = s - o. What is the units digit of u?
9
Suppose h - 4*t = -2*h + 38, 0 = -2*t - 10. Let x = h - 4. Suppose -x = -3*l + l. What is the units digit of l?
1
Let j(t) = 2*t. Let l(s) = -5*s. Let k(y) = -7*j(y) - 3*l(y). What is the units digit of k(6)?
6
Let l = -7 + 7. Suppose 4*n - 118 + 26 = l. What is the units digit of n?
3
Suppose -22 = -6*k + 4*k. Suppose 0 = -d + 3*d - 10. Suppose k = -2*x + d*j, -4*j + 6 = -2*x - x. What is the units digit of x?
2
Let p(n) = -4*n. Let i(v) = 5*v. Let s(c) = 3*i(c) + 4*p(c). Let u be 6/(-2) + (486/9)/(-9). What is the units digit of s(u)?
9
Suppose -5*z - 17 - 23 = 0. Let q(p) = p + 10. Let u be q(z). Suppose u*c - 6 - 2 = 0. What is the units digit of c?
4
Let l = 13 - 8. Suppose -4*a - 20 = -l*a. What is the tens digit of a?
2
Let l(y) = 3*y + 3. Let h be l(3). Suppose -4*d - h = -d. Let m = d + 8. What is the units digit of m?
4
Let f(k) = -14*k - 1. What is the tens digit of f(-6)?
8
Let v(o) = 4*o**2 + 4*o - 15. What is the tens digit of v(6)?
5
Let a(h) = -h**3 + 7*h**2 + 8*h - 6. Let q be a(8). Let k(w) = -w**2 - 7*w - 1. What is the units digit of k(q)?
5
Suppose -3 = z - 5. Suppose -2*h + 8 = z*h. Suppose h*t - 6 - 10 = 0. What is the units digit of t?
8
Let b(q) = -3*q**3 + 3*q**2 - q + 2. Let i be b(2). Let v = i + 32. Suppose 3*c - v = -c. What is the units digit of c?
5
Suppose 1180 = 7*z + 249. What is the hundreds digit of z?
1
Suppose 0 = 5*p + 3*h - 154 - 13, 0 = -5*p - 2*h + 168. Let i = p + -18. What is the tens digit of i?
1
Suppose 5*b - 2*l = 187, 3*b + 4*l = -0*b + 133. What is the units digit of b?
9
Let b(l) = -2*l + 2*l**3 - 2*l**2 - 1 + 3*l + 3. Let k = -5 - -7. What is the units digit of b(k)?
2
Let a = -2 + 7. Suppose -2*r - 6 = -3*k, r = -4*k + a*k - 1. Suppose -7 = -r*s + 2*s. What is the units digit of s?
7
Let y(o) = o**3 + 17*o**2 + 15*o - 5. What is the units digit of y(-16)?
1
Let f(z) = 2*z + 6. Let a(n) = -n**2 - 5*n - 4. Let s be a(-6). Let o = -4 - s. What is the tens digit of f(o)?
1
Suppose 0*o = -o + 24. What is the tens digit of o?
2
What is the tens digit of (-4688)/(-56) + 4/14?
8
What is the tens digit of 69 + ((1 + -2)*1 - 2)?
6
Suppose 5*d = -82 + 12. What is the units digit of (-95)/(-35) - 4/d?
3
Let c = -66 - -100. Suppose -c = -4*y + 2*y. Suppose -2*w = -2*s - w + y, w = 5*s - 35. What is the units digit of s?
6
Let l = 86 + -36. Suppose -5*k = -4*p + 74, -2*k + 3*k + l = 3*p. What is the tens digit of p?
1
Let t = 22 + -5. Suppose 0 = 4*g - 0*g - 3*x + 4, -4*g - 5*x = -28. Suppose -t = -3*y - s, g*y + 3*s = 4*y - 4. What is the units digit of y?
5
Let y(b) = b**2 + 5*b - 1. Let d be y(-4). Let n = d - -8. What is the units digit of n?
3
Suppose -5*r + u = 17, 5*r + 30 = -4*u - 2. Let h = 11 - r. Suppose -2*t + 3*z = -20, t = z - 6 + h. What is the units digit of t?
7
What is the units digit of 0 - -1 - (-3)/(0 + 3)?
2
Let f be ((-6)/5)/((-12)/40). Suppose -4*l + 7*l - f*o + 7 = 0, -3*l - o + 13 = 0. Suppose 4*m - 32 = l*t, m + 3*t + 7 = -0. What is the units digit of m?
5
Let j(f) = f + 2. Let d be j(0). Suppose x + 20 = -2*s - d*s, 2*x + 4*s + 20 = 0. Suppose -3*p = 4*w - x*p, 4*w - 32 = 5*p. What is the units digit of w?
3
Let m = -5 + -4. What is the units digit of 42/m*6/(-4)?
7
Let k(v) = v**2 + 12*v + 6. What is the tens digit of k(-13)?
1
Suppose -2*s + 554 = 3*v + 3*s, 3*s = 12. What is the units digit of v?
8
Let f = 90 + 13. What is the hundreds digit of f?
1
Let p = -3 + 23. Suppose m - 4*v + 14 = 0, 3*m + 3*v = -2 + p. Suppose -m*c + 0*o + 10 = 4*o, -4*c + 10 = 3*o. What is the units digit of c?
1
Let p(r) = 7*r - 11. What is the tens digit of p(7)?
3
Suppose 0 = -5*y - 9 - 6, 93 = 3*f - 3*y. What is the tens digit of f?
2
Let k = -13 - -16. Suppose 5*r - 15 = 0, k*n + 4*r - 18 = r. What is the units digit of n?
3
Let i(u) = 160*u**3 - 3*u**2 + 2*u. What is the units digit of i(1)?
9
Let v = 259 + -151. What is the hundreds digit of v?
1
Let p = -16 - -10. What is the units digit of (p/(-3) - 2)